 -r + 21 = 3*q, -487*r + 3*q = -485*r - 51. Calculate the highest common factor of r and d.
24
Suppose 43 = 3*j + 4*c, 3*j - 3*c + c = 37. Let l = -111 + -8. Let t = l + 210. Calculate the greatest common divisor of j and t.
13
Suppose -2*b = b - 72. Suppose 2*j = 3*j - 5*a - 27, 4*a = -3*j + 24. What is the greatest common factor of j and b?
12
Let q be ((-27)/(-12))/(9/24). Calculate the greatest common factor of 96 and q.
6
Let m(b) = -b**3 + 9*b**2 - 10*b + 12. Let l be m(8). Let h be (-3 - -42) + l/(-4). Calculate the greatest common divisor of 20 and h.
20
Let g be 1738/110 + (-2)/(-10). What is the greatest common divisor of g and 104?
8
Let l be 162/(-18) + 2 + 0. Let k be -2 + -1 - l - -86. Calculate the highest common divisor of k and 18.
18
Let g = 208 + -188. Suppose 3*i = -l + 44, 60 = 4*i - 4*l + 5*l. Suppose 3*u + u - i = 0. What is the greatest common divisor of u and g?
4
Let b = -58 + 98. Let p be ((-25)/(-20))/(2/b). Suppose 4*d - p = 3. Calculate the highest common divisor of d and 49.
7
Let w be (480/(-90))/(1/(-3)). Calculate the highest common factor of 576 and w.
16
Let d be ((-153)/(-4))/(13/((-3328)/(-12))). What is the highest common factor of d and 17?
17
Let y be (-10)/(-6) - 4472/(-6). What is the highest common factor of y and 9?
9
Suppose -3 + 0 = 3*q. Let y = q + 46. What is the greatest common divisor of y and 30?
15
Suppose 4*v - 788 = -4*y, 0 = 4*y - v - 457 - 346. Suppose 74 = 3*d + 3*k - 16, -k + 80 = 3*d. Calculate the greatest common divisor of y and d.
25
Suppose -x = 5*y - 35, 5 = -3*y - 5*x + 4. Calculate the greatest common factor of 172 and y.
4
Suppose -4*h = n - 0*h - 2, -5 = -5*h. Let w be 1296/(-45)*15/n. Suppose 0 = 2*k - 57 + 3. Calculate the highest common divisor of w and k.
27
Let b(n) be the second derivative of 16*n**4/3 + n**3/2 - 2*n**2 + 19*n. Let s be b(1). Calculate the greatest common factor of s and 18.
9
Let z be -3 + (-11)/3*3. Suppose 2*w + 0*s = -3*s - 39, 0 = w + 4*s + 27. Let j = z - w. Calculate the highest common factor of j and 3.
1
Let o(a) = -a**2 + 9*a - 2. Let d be o(6). Let z be (d/(-4) + 1)*-24. What is the greatest common divisor of 9 and z?
9
Let n be 2*(-2 - -8 - (-7)/2). What is the greatest common factor of n and 1520?
19
Suppose 0 = -3*q + q. Suppose q = -o - 4*v + 146, 2*o = 2*v - v + 301. What is the highest common factor of o and 30?
30
Let a be 453/12 + (-3)/(-12). Suppose 4*h - a = -3*u, 5*h - 6 = 2*h. What is the greatest common divisor of u and 25?
5
Suppose r = -0*r + 1. Suppose -3*h = 4*d + 18, -18*h - 4*d - 32 = -22*h. Calculate the highest common divisor of h and r.
1
Suppose 12 = 3*s - 12. Suppose -u = -s - 16. Suppose 0 = -3*d + d - 5*c - 1, -4*d + 2*c + 58 = 0. Calculate the highest common factor of u and d.
12
Let t = 92 + -12. Let m be (-81)/2*(t/15)/(-2). Let c(x) = x**2 - x. Let b be c(4). Calculate the greatest common factor of b and m.
12
Let j = -57 + 223. Let f(s) = -16*s - 157. Let d be f(-10). Suppose 3*t + d*y = -y + j, -t = -5*y - 68. Calculate the highest common factor of 87 and t.
29
Let c = -669 + 675. Calculate the highest common factor of c and 33.
3
Let v(i) = i**2 + 13*i + 30. Let h be v(-11). What is the greatest common factor of h and 248?
8
Let s be (-3)/(-63)*291 - (-2)/14. Calculate the greatest common divisor of 40 and s.
2
Let m = 6 - -4. Suppose 0 = 14*b - m*b - 96. Let f(o) = 5*o + 53. Let j be f(-10). What is the greatest common factor of b and j?
3
Suppose -5*f + n = 37 - 561, 2*f - 5*n = 205. Calculate the highest common divisor of f and 21.
21
Suppose 3*i + 513 = 3*q, 0*i = -3*q - 3*i + 531. What is the greatest common factor of 435 and q?
87
Let y(h) = h**3 - 4*h**2 + h + 2. Let j be 7 - (0 + -2 - -5). Let v be y(j). What is the highest common factor of 4 and v?
2
Let c(u) = -28*u**3 - u**2 - u - 1. Let l be c(-1). Let o = 50 - l. Calculate the highest common factor of 23 and o.
23
Let k(h) = 288*h**2 + 9*h - 4. Let i be k(-1). What is the highest common factor of 11 and i?
11
Let i be ((-33)/(-5))/((-1)/5). Let v = 68 + i. Calculate the greatest common factor of 7 and v.
7
Suppose -a = 4*a - 2*m - 388, -4*a + 284 = 5*m. Suppose 5*o + h - 570 = 0, -4*o + h = 4*h - 456. Calculate the highest common divisor of o and a.
38
Let r be -1 + 67 - (-16 - -12). Suppose 4*z = -3*z + r. Let q be (15/9)/((-2)/(-120)). What is the highest common divisor of q and z?
10
Let x(t) = -2*t - 82. Let u be x(0). Let h = 136 + u. Calculate the highest common divisor of h and 27.
27
Suppose 5*s = 3*y - 73, 56 = 2*y + s + 3*s. What is the greatest common divisor of y and 286?
26
Let f be (-10680)/(-35) + (-1)/7. Calculate the highest common divisor of 5 and f.
5
Suppose -6*c + 9*c = 0. Suppose -3*x + 18 + 6 = c. Calculate the greatest common factor of 24 and x.
8
Let u be ((-9)/(-4))/(4/240). Suppose 4*d + u = 5*w, 27 = -w + 2*w + 5*d. Suppose 8*g - 54 - 18 = 0. Calculate the highest common divisor of g and w.
9
Let t be (140 - 0) + (-4 + 7 - 0). What is the greatest common factor of t and 33?
11
Let g(j) = j**2 + 20*j + 18. Let a be g(-22). What is the highest common divisor of a and 2?
2
Suppose 7*l = -18 + 235. Let a = 89 - l. Calculate the greatest common divisor of a and 116.
58
Let u(p) = -p**2 + 19*p + 18. Let m be u(19). Let t = -13 - -1. Let k = m + t. What is the greatest common divisor of 2 and k?
2
Let s = -31 + 33. Suppose s*t + 27 = 5*t. Calculate the highest common factor of t and 3.
3
Let y = -391 + 431. What is the greatest common factor of y and 32?
8
Let y be -2 - -2 - (-10 + 8). Suppose 43 = y*f - 3*u + 15, 0 = -f - 2*u. What is the highest common divisor of f and 104?
8
Let h = -735 + 739. Calculate the greatest common factor of 68 and h.
4
Suppose 2*r = 2*m + 180, -400 = -5*r + 7*m - 12*m. What is the greatest common divisor of 68 and r?
17
Suppose 7 = 6*s - 17. Suppose -s*o = 3*j - 83, 2*j = -o + 2*o + 70. What is the highest common divisor of 3 and j?
3
Let b(i) be the first derivative of -81*i**2/2 + 12. Suppose -6*x - 3 = -3*x. Let o be b(x). Calculate the greatest common divisor of 9 and o.
9
Suppose -a + x + 356 = 0, -3*a + 1480 = 5*x + 380. What is the highest common factor of a and 72?
72
Let a(s) = 3*s - 9. Let y be a(3). Suppose 0 = c + 2*o - o - 8, y = 2*c + 3*o - 15. What is the greatest common divisor of 117 and c?
9
Suppose -4 = -8*i + 4*i. Let j be -3 + (-11)/(44/24). Let l = -7 - j. What is the greatest common factor of l and i?
1
Let c(k) = k**3 + 4*k**2 + 4*k + 1. Let y be c(-2). Let u be (y - 13/3)*-3. What is the highest common divisor of 1 and u?
1
Let j = -240 + 241. Let w(x) = 24*x - 6 + 4 + 1. Let p be w(j). What is the highest common divisor of p and 23?
23
Let y(c) = -c**3 + c**2 + 30*c + 5. Let f be y(-5). What is the greatest common factor of f and 35?
5
Let f be ((-1)/(4/(-12)))/((-1)/2). Let c be (f/(-6))/(4/28). Calculate the highest common divisor of 35 and c.
7
Let d(g) = -g**2 - 33*g - 87. Let y be d(-27). What is the highest common factor of y and 75?
75
Suppose 9 - 1 = w. Let z be 0 - -4 - 2/1. Suppose 0 = -0*b + z*b - 112. What is the highest common factor of w and b?
8
Let y be 4 - 6*(-1)/(-2). Let o be 8/((-1)/(-1) + y). Let n(z) = z**2 - 16*z - 15. Let g be n(17). What is the greatest common factor of o and g?
2
Let t(s) = -2*s**3 + 61*s**2 + 26*s + 182. Let p be t(31). Calculate the greatest common divisor of 72 and p.
9
Suppose 0*w + 45 = w. Let v(f) = -f**3 - 4*f**2 + 2. Let x be v(-4). Suppose 12 = x*i + 2. What is the highest common factor of i and w?
5
Let n(b) = 3*b - 34. Let q be n(7). Let a(t) = -t**3 - 5*t**2 + t - 2. Let x be a(-4). Let l = q - x. Calculate the greatest common divisor of l and 99.
9
Let y = -1 + 2. Suppose -4*g - y = 23. Let l(i) = -3*i + 7. Let m be l(g). What is the greatest common divisor of 5 and m?
5
Let x = 9 - 37. Let k = -23 - x. What is the greatest common factor of 55 and k?
5
Let z(c) = -3*c + 7*c - 10*c - 3. Let l be z(-5). What is the highest common factor of 297 and l?
27
Let l = 9 - -79. Calculate the greatest common factor of l and 968.
88
Let j be (18/8)/((-1)/(-4)). Suppose -5*x - f = 3*f - 11, 0 = 4*f + 4. What is the greatest common factor of j and x?
3
Let i = -2 - 6. Let x be (-2548)/(-6) + i/(-6). Let o be x/21 - 6/21. Calc